s divided by 8.
6
Calculate the remainder when 4715 is divided by 16.
11
What is the remainder when 795 is divided by 244?
63
What is the remainder when 179 is divided by 10?
9
What is the remainder when 236 is divided by 89?
58
What is the remainder when 200 is divided by 44?
24
What is the remainder when 2539 is divided by 3?
1
What is the remainder when 2612 is divided by 651?
8
What is the remainder when 374 is divided by 122?
8
What is the remainder when 4836 is divided by 95?
86
What is the remainder when 22794 is divided by 20?
14
Calculate the remainder when 946 is divided by 10.
6
What is the remainder when 84 is divided by 4?
0
Calculate the remainder when 1695 is divided by 829.
37
What is the remainder when 55 is divided by 22?
11
What is the remainder when 320 is divided by 33?
23
What is the remainder when 78 is divided by 15?
3
Calculate the remainder when 343 is divided by 99.
46
Calculate the remainder when 356 is divided by 349.
7
Calculate the remainder when 4738 is divided by 365.
358
Calculate the remainder when 418 is divided by 360.
58
Calculate the remainder when 66 is divided by 14.
10
Calculate the remainder when 5404 is divided by 14.
0
What is the remainder when 185 is divided by 47?
44
What is the remainder when 526 is divided by 118?
54
Calculate the remainder when 357 is divided by 36.
33
Calculate the remainder when 130 is divided by 17.
11
What is the remainder when 251 is divided by 21?
20
What is the remainder when 43 is divided by 15?
13
What is the remainder when 3308 is divided by 550?
8
Calculate the remainder when 361 is divided by 93.
82
Calculate the remainder when 385 is divided by 17.
11
Calculate the remainder when 92 is divided by 26.
14
What is the remainder when 62 is divided by 16?
14
Calculate the remainder when 2091 is divided by 104.
11
What is the remainder when 2249 is divided by 50?
49
Calculate the remainder when 9461 is divided by 4725.
11
Calculate the remainder when 2745 is divided by 41.
39
What is the remainder when 269 is divided by 34?
31
Calculate the remainder when 1022 is divided by 205.
202
Calculate the remainder when 1845 is divided by 12.
9
Calculate the remainder when 399 is divided by 50.
49
What is the remainder when 31 is divided by 24?
7
Calculate the remainder when 463 is divided by 32.
15
What is the remainder when 48 is divided by 38?
10
What is the remainder when 3 is divided by 3?
0
Calculate the remainder when 163 is divided by 14.
9
What is the remainder when 1284 is divided by 118?
104
What is the remainder when 255 is divided by 39?
21
What is the remainder when 39 is divided by 15?
9
Calculate the remainder when 233 is divided by 26.
25
Calculate the remainder when 151 is divided by 78.
73
What is the remainder when 3048 is divided by 27?
24
What is the remainder when 441 is divided by 408?
33
Calculate the remainder when 75 is divided by 21.
12
Calculate the remainder when 1328 is divided by 327.
20
What is the remainder when 79 is divided by 71?
8
What is the remainder when 157 is divided by 91?
66
Calculate the remainder when 422 is divided by 131.
29
Calculate the remainder when 5941 is divided by 4.
1
What is the remainder when 328 is divided by 148?
32
Calculate the remainder when 2798 is divided by 26.
16
What is the remainder when 131 is divided by 28?
19
Calculate the remainder when 388 is divided by 130.
128
Calculate the remainder when 2719 is divided by 135.
19
What is the remainder when 957 is divided by 23?
14
What is the remainder when 41 is divided by 37?
4
What is the remainder when 5499 is divided by 64?
59
What is the remainder when 74 is divided by 13?
9
What is the remainder when 119 is divided by 57?
5
What is the remainder when 540 is divided by 268?
4
What is the remainder when 516 is divided by 29?
23
What is the remainder when 6378 is divided by 28?
22
Calculate the remainder when 267 is divided by 266.
1
What is the remainder when 14893 is divided by 19?
16
What is the remainder when 234 is divided by 34?
30
What is the remainder when 99 is divided by 15?
9
What is the remainder when 736 is divided by 20?
16
Calculate the remainder when 522 is divided by 131.
129
Calculate the remainder when 56 is divided by 30.
26
Calculate the remainder when 2216 is divided by 17.
6
Calculate the remainder when 13 is divided by 5.
3
Calculate the remainder when 1121 is divided by 157.
22
What is the remainder when 10060 is divided by 37?
33
Calculate the remainder when 615 is divided by 100.
15
What is the remainder when 7896 is divided by 53?
52
Calculate the remainder when 1048 is divided by 14.
12
What is the remainder when 551 is divided by 52?
31
What is the remainder when 823 is divided by 67?
19
Calculate the remainder when 700 is divided by 18.
16
Calculate the remainder when 434 is divided by 19.
16
What is the remainder when 938 is divided by 240?
218
Calculate the remainder when 246 is divided by 119.
8
Calculate the remainder when 1330 is divided by 1322.
8
What is the remainder when 155 is divided by 32?
27
What is the remainder when 169 is divided by 103?
66
Calculate the remainder when 30799 is divided by 101.
95
Calculate the remainder when 551 is divided by 136.
7
Calculate the remainder when 100 is divided by 56.
44
What is the remainder when 1999 is divided by 29?
27
What is the remainder when 69 is divided by 35?
34
What is the remainder when 1699 is divided by 63?
61
Calculate the remainder when 121 is divided by 37.
10
Calculate the remainder when 5 is divided by 3.
2
What is the remainder when 2495 is divided by 119?
115
What is the remainder when 4696 is divided by 54?
52
What is the remainder when 375 is divided by 76?
71
Calculate the remainder when 551 is divided by 249.
53
What is the remainder when 8698 is divided by 75?
73
What is the remainder when 46 is divided by 13?
7
Calculate the remainder when 97 is divided by 55.
42
Calculate the remainder when 160 is divided by 18.
16
Calculate the remainder when 13968 is divided by 4652.
12
What is the remainder when 1168 is divided by 30?
28
What is the remainder when 56 is divided by 33?
23
What is the remainder when 855 is divided by 107?
106
Calculate the remainder when 489 is divided by 29.
25
Calculate the remainder when 263 is divided by 130.
3
What is the remainder when 6342 is divided by 235?
232
What is the remainder when 258 is divided by 108?
42
What is the remainder when 1144 is divided by 556?
32
Calculate the remainder when 319 is divided by 32.
31
What is the remainder when 1706 is divided by 167?
36
Calculate the remainder when 288 is divided by 29.
27
Calculate the remainder when 66 is divided by 20.
6
Calculate the remainder when 6607 is divided by 36.
19
Calculate the remainder when 246 is divided by 132.
114
Calculate the remainder when 45 is divided by 9.
0
Calculate the remainder when 809 is divided by 20.
9
Calculate the remainder when 494 is divided by 160.
14
What is the remainder when 1517 is divided by 38?
35
Calculate the remainder when 21 is divided by 10.
1
Calculate the remainder when 899 is divided by 10.
9
What is the remainder when 22387 is divided by 17?
15
What is the remainder when 125 is divided by 33?
26
Calculate the remainder when 1149 is divided by 9.
6
What is the remainder when 1846 is divided by 14?
12
Calculate the remainder when 2389 is divided by 297.
13
Calculate the remainder when 171 is divided by 44.
39
Calculate the remainder when 208 is divided by 15.
13
Calculate the remainder when 22 is divided by 3.
1
Calculate the remainder when 1733 is divided by 17.
16
What is the remainder when 300 is divided by 19?
15
What is the remainder when 12799 is divided by 64?
63
Calculate the remainder when 1809 is divided by 39.
15
What is the remainder when 11446 is divided by 54?
52
What is the remainder when 818 is divided by 267?
17
Calculate the remainder when 2395 is divided by 774.
73
What is the remainder when 96 is divided by 7?
5
What is the remainder when 181 is divided by 158?
23
Calculate the remainder when 11419 is divided by 32.
27
What is the remainder when 1310 is divided by 324?
14
What is the remainder when 51 is divided by 33?
18
What is the remainder when 1055 is divided by 48?
47
Calculate the remainder when 47